4 = -4*u - 5*b, -7*b + 9 = -i*u - 4*b. What is the units digit of u?
1
Let b(i) = -3*i**2 + 2*i + 2. Let p be b(-2). Let w(g) = -g**3 - 14*g**2 + g + 4. Let u be w(p). Let x(r) = r**2 + 12*r + 25. What is the units digit of x(u)?
5
Let l be 4/((44/(-22))/(38 - 1)). What is the hundreds digit of (3 - 8) + l/(-1)*15?
1
Let r be (-63)/(-14) + 3/6. Suppose -5*k - r = -5. Suppose -3*a - 27 = -2*y + 7, k = 4*a + 16. What is the tens digit of y?
1
Let g be 40/14 - (-1)/7. Suppose -8*v = -g*v - 15. Suppose b + v*h - 77 = 0, -58 - 21 = -b - h. What is the units digit of b?
0
Let w be 3 - 169 - 4*20/16. Let z = w - -848. What is the tens digit of z?
7
Suppose 3*t - 5*m - 6 = -2*m, 19 = 5*t - 2*m. Suppose 2*v - 2*k = -3*v - 174, -t*v + k = 177. What is the tens digit of (-24)/(-9)*v/(-1)?
9
Suppose -8746 = -7*j - 1158. Suppose 4*c - 5*o = j, -4*c - c - 5*o + 1400 = 0. What is the tens digit of c?
7
Let i be ((-4)/5)/(11/(220/(-8))). Suppose -i*s + 4*b + 1010 = 0, -5*b - 107 - 404 = -s. Let m = s + -305. What is the hundreds digit of m?
1
Let t(q) = 30*q**2 + 6*q + 7. Let s be t(-4). Let g be s + (6/2 - (9 + -8)). What is the units digit of g/10*-4*(-1)/2?
3
Let g = 5100 - -89. Suppose 5*y - g = 691. What is the hundreds digit of y?
1
Let i(v) = -8*v - 23. Let a be i(0). Let b = a - -23. Suppose b = -4*k - 0*k - 5*h + 275, k + 2*h - 68 = 0. What is the tens digit of k?
7
Suppose k + 5*y - 10147 = 0, k + 4*y = 1801 + 8351. What is the tens digit of k?
7
Let b be (-104)/(-48) - ((-14)/(-12) + -1). Suppose 5*g - y - 803 = -5*y, 322 = 2*g + b*y. Suppose 267 = 3*u - g. What is the tens digit of u?
4
Suppose -94*o = -462848 + 36276. What is the tens digit of o?
3
What is the units digit of 37102 - (9 - (-4 - -1) - 10)?
0
Suppose m + 38801 = 4*s, -m + 3098 = 3095. What is the units digit of s?
1
Let g(z) = 39*z**3 + z + 2. Let u be g(-1). Let t = u - -42. Suppose 7*i + 3*m - 252 = 5*i, t*m - 504 = -4*i. What is the units digit of i?
6
Suppose -a + 5*n + 8333 = 0, 700*a - 33206 = 696*a - n. What is the units digit of a?
3
Suppose 8*d + 964 = 220. Suppose 0 = -5*a + 4*i + 871, -a + i = -81 - 94. Let m = d + a. What is the tens digit of m?
7
Let q(n) = 7*n**2 + 55*n + 131. Let j(i) = -i**3 + 14*i**2 - 11*i - 46. Let p be j(13). What is the tens digit of q(p)?
3
Suppose 0 = 5*p - 10, p = 2*j + 4*p - 14. Suppose -i - f + 2 = -2*f, 5*i + j*f = 10. Suppose 78 = i*y + 30. What is the units digit of y?
4
Suppose 135 - 5 = 13*w. What is the tens digit of -3*w/(-135) + (-8780)/(-18)?
8
Let c be ((-1738)/(-10) - -1)/((-2)/(-10)). Let i = 1529 - c. What is the units digit of i?
5
Suppose 4*g = -4*u - 8, 15*g - 10*g - 3*u - 22 = 0. Suppose -5*j = 5*a - 4060, -1485 = -g*a + 3*j + 124. What is the units digit of a?
9
Suppose 4*a - p = -0*a + 17, -3*a - 2*p + 10 = 0. Suppose 2*b - i = 4*b - 1, 5*b = -2*i + a. What is the tens digit of (b/4)/((-12)/(-1152))?
4
Let s(a) = a**2 - 9*a + 5. Let n be s(9). Suppose 0 = -2*z + k + 677, -n*z - 2*k = 921 - 2591. What is the hundreds digit of z?
3
Let h be 4/30 + 112/60. Suppose -h*v - 21 = 31. Let i = v + 97. What is the tens digit of i?
7
Suppose 4*i + 5*g = 101450, 4*i + 3*g = 37579 + 63883. What is the hundreds digit of i?
3
Let y = -14629 + 29051. What is the ten thousands digit of y?
1
Suppose -23*n + 56*n - 225341 = 486502. What is the thousands digit of n?
1
Suppose 4*p + 1667 = 5*p. Let t(z) = 0*z + 1710 - p - z. What is the units digit of t(13)?
0
Suppose -222*a + 225*a = 1008. Suppose 2*b - a = 364. What is the units digit of b?
0
Suppose -3 = -4*a + 1. Let h be (1/2)/(a/(-22)). Let q(t) = -6*t + 19. What is the tens digit of q(h)?
8
Let i = -1976 - -7128. What is the units digit of i?
2
Let l(s) = 0*s + 81 - 3*s + 5*s. What is the hundreds digit of l(19)?
1
Let v(c) = 3128*c - 3847. What is the tens digit of v(25)?
5
Let p = 2571 - -72. Suppose 0 = -3*g - 2*k + p, -9*g + 6*g - 5*k + 2652 = 0. What is the units digit of g?
9
Suppose -d - 22 = 5*x, -5*d = -0*d - x + 240. Let k = -74 + d. Let w = k + 179. What is the units digit of w?
8
Suppose 60 = -16*r + 20*r. Let a(p) = 5*p + r + 9*p - 4*p. What is the tens digit of a(5)?
6
Let a(g) be the first derivative of -1/4*g**4 - 5 - 10*g**2 - 3*g + 10/3*g**3. What is the units digit of a(7)?
4
Let v(r) be the first derivative of -r**4/4 + 2*r**3/3 - r**2 - 2*r - 18. Let i = 3 + -7. What is the tens digit of v(i)?
0
Suppose -41*g = -157021 + 50872. What is the hundreds digit of g?
5
Suppose 5*p - 193489 = -3*o, -77426 = -2*p + 46*o - 51*o. What is the tens digit of p?
9
Let f be (-45)/(-15)*4/6. Suppose -27 = 5*l - 3*z - f, -17 = -l + 5*z. Let y(p) = -8*p + 18. What is the units digit of y(l)?
2
Let n = 11377 + -719. What is the tens digit of n?
5
Suppose 457*y + 12443 = 480*y. What is the tens digit of y?
4
Suppose -10*c + 8997 = 837. Suppose u + 3*u = -c. Let s = -145 - u. What is the tens digit of s?
5
What is the tens digit of ((-20)/10)/(62/(-1269915))?
6
Let q be -4 + 12*((-12)/8 + 2). Suppose q*j + 24 = 8. Let k(y) = y**2 + 2*y + 7. What is the units digit of k(j)?
5
Let m be (-15 + 14)/(3/1)*-474. Suppose -d + m = h, -h + 2*h - 168 = d. What is the hundreds digit of h?
1
Suppose 1 - 10 = -3*j. Let a be 14*((-2 - -4) + j/(-2)). Let h(d) = 2*d**2 - 6*d - 1. What is the units digit of h(a)?
5
Let p(m) = 18*m**2 - 28*m - 333. What is the thousands digit of p(18)?
4
Let u be (-311)/7 + 4/(-7). Let t = 63 + u. What is the hundreds digit of (-21)/(-6)*t*2?
1
Suppose 0 = -10*m + m + 45. Suppose u = 4*l + 705, 2*u - m*l + 3*l - 1392 = 0. What is the tens digit of (1/3)/(7/u)?
3
What is the tens digit of 11 - (192038/(-14))/11?
5
Suppose 5*v = 3*f - 45, f - 36 = 4*v - 14. Let w(r) be the first derivative of -r**3/3 + 7*r**2 + r + 1. What is the units digit of w(f)?
1
Suppose -h + 18 = 5*j, -7*j - 3*h + 21 = -3*j. Suppose 0 = j*y + k - 2*k - 4060, -3*k - 12 = 0. What is the thousands digit of y?
1
Let w be ((-19)/(-1))/(72/2232). Let a = w - 68. What is the units digit of a?
1
Let y = -51602 - -97910. What is the ten thousands digit of y?
4
What is the thousands digit of (-8)/(-2) - (4 - (9440*1 - 8))?
9
Let m be (-9)/(-2) + 12/24. Suppose -s + 202 = -g, m*g + 316 - 118 = s. What is the hundreds digit of s?
2
Let r = -126 + 140. What is the units digit of (5 - 49/r)/(1/226)?
9
Let r(c) = c**3 - 49 - 14*c**2 + c**3 - 5*c**3 + 12*c + 14. Let t(z) = -z**3 - 5*z**2 + 4*z - 12. Let y(a) = -6*r(a) + 17*t(a). What is the tens digit of y(5)?
8
Let v = -74 - -104. Let d(m) = -5 - v*m + 56*m - 1 - 36*m. What is the tens digit of d(-11)?
0
Let d(a) = 314*a**3 - a**2 + 320*a - 1905. What is the ten thousands digit of d(6)?
6
Let y = -1096 - -49121. What is the units digit of y?
5
Let s = -58 + 61. Let t be (-1)/s + (-44)/(-6). Suppose 4*p - 12 = 0, 0 = t*j - 2*j + 2*p - 251. What is the tens digit of j?
4
Suppose 0 = -13*n - 7*n. Suppose 3*s + m + 644 = 1837, n = 5*s - 3*m - 1993. What is the units digit of s?
8
Let g = -2670 + 8516. What is the units digit of g?
6
Suppose 7*q = z + 3*q + 353, 4 = q. What is the tens digit of z/(9/(-27)*3)?
3
Let i(s) = -11*s - 120. Let j be 3/2 + 1190/(-28). What is the tens digit of i(j)?
3
Let j = -33 + 82. Let w = j + 143. What is the units digit of w?
2
Let t(c) = -c**3 + 3*c**2 - 6*c - 18. Let i be t(5). Let h = i + 150. What is the units digit of h?
2
Let s = 22301 - 11884. What is the tens digit of s?
1
Let w be 4 - (-35 + -5)/(-2). Let b(f) = -31*f + 72. What is the units digit of b(w)?
8
Suppose 0 = -4*t - 102*g + 101*g + 33315, 0 = 2*t - 5*g - 16619. What is the thousands digit of t?
8
Let l(r) = -70*r + 77. What is the units digit of l(-32)?
7
Let i = -1383 + 4101. What is the tens digit of i?
1
Let v(m) = -125*m + 8. Let j be v(-4). Let o = j - 118. Suppose -2*l - 6 = 0, -418 - o = -4*c - 4*l. What is the tens digit of c?
0
What is the tens digit of 871130/260 - 2/(-4)?
5
Suppose -22*x + 30*x - 27*x = -358093. What is the tens digit of x?
4
Let t be 6 + 3/(15/(-85)). Let b be 21*(1 - 6/3). Let h = t - b. What is the tens digit of h?
1
What is the thousands digit of (-220)/150*1*-12746 + 30/(-225)?
8
Let t be 1/7 - 8823/119. Let x(g) = -32*g**2 + 6*g - 17. Let u be x(3). Let n = t - u. What is the tens digit of n?
1
Let m = -70 - -76. Let b be 72/((-